me factors of -2 - w/(-3 + 2)?
2
Let p(k) = 2*k + 5. Let h be p(4). Let q = h + -8. Suppose 6 = 2*f + 2*w, q*f - 3*w - 31 = -4*w. What are the prime factors of f?
7
Let t be 3/(-2)*(8 + -10). Suppose 22 = t*f - 38. List the prime factors of f.
2, 5
Let h(n) = 168*n**2 - n - 1. What are the prime factors of h(-1)?
2, 3, 7
Suppose j - 19 = -x, -5*j + 38 = 6*x - 4*x. List the prime factors of x.
19
Suppose k - 4*b - b = 127, 0 = -k - 4*b + 136. What are the prime factors of k?
2, 3, 11
Suppose -3*n - 14 - 34 = 0. List the prime factors of (-648)/n*(-2)/(-3).
3
Let d(u) = u**3 - 10*u**2 + 4*u + 11. Let r be d(9). Let j = r - -64. What are the prime factors of j?
2, 3, 5
Let b = -116 + 207. What are the prime factors of b?
7, 13
Suppose 0 = -3*s - 51 - 6. Let g = s + 27. List the prime factors of g.
2
Let z = 7 - 7. Suppose z = -4*o - 3 + 27. What are the prime factors of o?
2, 3
Let j be 12/(-15)*10*1. Let k = 7 + j. List the prime factors of (k - -2)*15 + 1.
2
Suppose 2*l = 7*l - 275. What are the prime factors of l?
5, 11
Let d(o) = -2*o. Let u be d(-3). Let a = u - 4. Suppose -a*f = -10 - 6. What are the prime factors of f?
2
Let y = -22 - -40. Suppose 4*r - y - 10 = 0. List the prime factors of r.
7
Suppose 0 = 3*b - t + 4, 0*t + 8 = -3*b + 2*t. Suppose b = -2*w + 24. List the prime factors of w.
2, 3
Let q = -82 - -114. What are the prime factors of q?
2
Let r(h) = 2*h**3 + 10*h**2 + h + 7. What are the prime factors of r(-5)?
2
Suppose -l + 48 = -9. What are the prime factors of l?
3, 19
Let w(f) be the first derivative of f**3/3 + 3*f**2 - 7*f - 4. What are the prime factors of w(-9)?
2, 5
Let o be 4*12/16 - 4. What are the prime factors of (o + 28/(-6))*-6?
2, 17
Suppose -45 = 4*r - 17. Let j be (-2)/r + (-19)/(-7). Suppose -4*z = -j*z - 4. What are the prime factors of z?
2
Suppose -4*c - 10 = -2*c, -2*a + 4*c = -58. List the prime factors of a.
19
Let y be (-3 + 4 - -1) + 5. Let i(a) = 4*a**3 + a**2 - a. Let v be i(1). Let j = y - v. What are the prime factors of j?
3
Let o(z) = 21*z - 1. Let h be o(1). What are the prime factors of (h/16)/(1/8)?
2, 5
Suppose -3 = -2*i + 5. Suppose 0 = -t - i*t. Suppose 2*g = -t + 24. What are the prime factors of g?
2, 3
Let o(q) = 9*q - 3. Let j(r) = -r**2 + 3*r + 2. Let t be j(3). What are the prime factors of o(t)?
3, 5
Let k = 2 + 25. What are the prime factors of k?
3
Suppose 4*g = n + 8 + 71, -2*g + 3*n + 37 = 0. Let c(u) = -2*u**2 - 8*u - 3. Let v be c(-5). Let h = v + g. What are the prime factors of h?
7
Suppose 8*p - 250 = 3*p. Suppose 10*c - 9*c - p = 0. What are the prime factors of c?
2, 5
Let u = 15 - 8. Suppose -7*c + i + u = -3*c, -3*c = -i - 5. Suppose -c*n + 4 = -0*n. List the prime factors of n.
2
Let q(s) = -3*s**3 - 21*s**2 + 25*s + 15. Let r(j) = j**3 + 10*j**2 - 12*j - 7. Let u(n) = -2*q(n) - 5*r(n). List the prime factors of u(7).
2, 13
Let q(n) = -n**2 - 7*n - 3. Let f be q(-6). Let m(o) = 5*o**2 - 3*o - 1. List the prime factors of m(f).
5, 7
Suppose -3*q = 5*o - 20, q + 2 = -2*o + 10. Let u be (1/2)/(1/o). Suppose -r + 0 = -u. List the prime factors of r.
2
Suppose 3*v - 49 = 2*v. List the prime factors of v.
7
Let i = 78 + -24. Suppose 4*a + 2*x = i, 0 = 2*a - 5*x - 0*x + 3. List the prime factors of a.
11
Suppose -b + 1815 = 4*k + 338, -b + 370 = k. List the prime factors of k.
3, 41
Let z(q) = q - 3. Let d be z(5). Suppose -39 = -w - d*w. What are the prime factors of w?
13
Suppose 23 + 112 = 5*j - 3*f, 0 = f. List the prime factors of j.
3
Suppose y - 3*l = 153, 4*y = -3*l - 114 + 726. List the prime factors of y.
3, 17
List the prime factors of (33/9)/(2/54).
3, 11
Let b = -10 + 20. List the prime factors of b.
2, 5
Suppose -7*y + 6 = -9*y. Let r = y - -5. Suppose -3*j + 40 = r*j. List the prime factors of j.
2
Let p = -35 + 58. Suppose -a + 1 = 0, -2*a + 3 - p = -l. List the prime factors of l.
2, 11
Let v be 28/8*1*-2. Let l be 2/(v/(-5) - 1). Suppose -5*z + 35 = 3*j, -13 = 2*z - l*j + 4. What are the prime factors of z?
2
Let h = 11 + -4. List the prime factors of h.
7
Let n(g) = -g**2 - 9*g - 1. Suppose q + 34 = -4*q + i, 5*q - 4*i + 31 = 0. What are the prime factors of n(q)?
13
Suppose -2*w + 282 = 5*v + 86, -3*v - 2*w = -120. List the prime factors of v.
2, 19
Let o(x) = -2*x**3 - 2*x**2 - x - 4. Let p be o(-3). Suppose p = 2*m + 5. List the prime factors of m.
3, 5
Let z(u) = u**2 - 9*u - 20. What are the prime factors of z(14)?
2, 5
Let z(f) = -f**3 - 6*f**2 - 7*f - 3. Let y(l) = 1 + 2 - 2 + 0 + 3*l. Let x be y(-2). List the prime factors of z(x).
7
Suppose -5*k = -g - 299, 3*k + 3*g = 130 + 53. Suppose q = -3*q + k. List the prime factors of q.
3, 5
Suppose 4 = -d + x, 1 - 9 = 4*d - 2*x. Suppose 5*s - 2*n - 46 = d, -8*s = -4*s - 3*n - 41. Let m = s - 0. What are the prime factors of m?
2
Let y = 15 + -21. Let q(u) = 7*u**2 - 5*u - 5. Let a(p) = -20*p**2 + 14*p + 14. Let d(j) = y*a(j) - 17*q(j). List the prime factors of d(4).
3, 7
Let t be 1 + 1 + 1*5. Let a = -4 + t. Suppose 0 = a*p - p - 10. List the prime factors of p.
5
Let n = -3 + 60. Suppose c - 13 = -j - 1, n = 5*j + 4*c. What are the prime factors of j?
3
Suppose -16 = x - 5*o, 2*x + 8 = 3*x + o. What are the prime factors of (6/x)/((-3)/(-4))?
2
Let o(b) = b - 3. Let m be o(5). List the prime factors of (m - 2 - 37)*-1.
37
Let p = -456 + 659. List the prime factors of p.
7, 29
Let x = -2 - 2. Let p be (-9)/2*(-24)/9. Let d = x + p. What are the prime factors of d?
2
Let a(u) be the second derivative of u**5/20 + 5*u**4/12 - u**3/6 + u**2/2 + 2*u. Let x = -11 - -7. What are the prime factors of a(x)?
3, 7
Suppose -5*d + 289 = 3*b - 5*b, 179 = 3*d - 4*b. What are the prime factors of d?
3, 19
List the prime factors of 82/6*(4 + 0 + -1).
41
Let z(i) = -4*i**2 + 3*i + 2*i + 6*i**2 + 2 + 0*i**2. Suppose -3*l + 6*l = 2*d - 22, 3*l - 8 = -4*d. List the prime factors of z(l).
2, 7
Suppose w + 164 = 3*w. List the prime factors of w.
2, 41
Let o be ((-6)/4)/(12/(-32)). Suppose 5*h - 95 = -5*r, -r - o*h = -9*h - 37. List the prime factors of r.
2, 11
Suppose 4*r - 7*r + 780 = 0. Suppose -3*p - y + 158 = -0*p, 5*p = -5*y + r. What are the prime factors of p?
53
Suppose 20 = a - t - 4*t, -4*t + 4 = 0. Suppose -v + 0*v = a. List the prime factors of 36/5 + 5/v.
7
Let v = 218 + -156. List the prime factors of v.
2, 31
Let g be (1/(-3))/((-2)/24). What are the prime factors of 8 - (g - (1 - -1))?
2, 3
Suppose 4*k - 18 = -2*g, 2*k - 3 = 6*k - 5*g. Suppose -20 + 5 = -k*d. Suppose 5*q = d*f - 80, -4*f - 5*q + 31 = -33. What are the prime factors of f?
2
Let x = 0 + 2. Suppose -6 = 5*v + 9. What are the prime factors of 2/v*(-33)/x?
11
Suppose -5*r + 288 = 43. What are the prime factors of r?
7
Let p(z) = z**2 + 3*z + 6. Suppose 6 = -2*h - 4. List the prime factors of p(h).
2
Let o(f) = -f**3 + 5*f**2 - 3*f - 2. Let g = -1 - -5. What are the prime factors of o(g)?
2
Let r be 9/12 + (-17)/(-4). Suppose n = -r*x + 90, -n + 20 = 2*x - 19. What are the prime factors of x?
17
Let k(l) = 5*l + 45. What are the prime factors of k(14)?
5, 23
Let n(p) = 2*p - 6. What are the prime factors of n(7)?
2
Let t(r) = -r**3 + 2*r**2 + 4*r + 1. Let a be t(3). Suppose -q + 6 = a. What are the prime factors of (11 - -2) + q + -3?
2, 3
Let a = -49 - -205. List the prime factors of a.
2, 3, 13
Let m = 7 - -37. Suppose 2*l - 34 - m = 0. List the prime factors of l.
3, 13
What are the prime factors of -6*1*26/(-13)?
2, 3
Let p be 1/((2 - 3)/(-2)). Let n(d) = -3*d + p*d + 16 - 4 - d**3. List the prime factors of n(0).
2, 3
Let w(n) = 9*n**2 - 1. What are the prime factors of w(2)?
5, 7
Suppose 5*r - 8 = 7. Suppose -r*v - 6 = 3*o, -v + 4*v - 6 = 3*o. What are the prime factors of v + 7*(-1)/(-1)?
7
Suppose c + 0*c = 4. Suppose 5*l - 10 = 2*t + 2, c*t + 12 = 4*l. What are the prime factors of l?
2
Let o(a) = -a**3 + 16*a**2 - 14*a - 9. List the prime factors of o(15).
2, 3
Let w = 1 + 15. List the prime factors of 252/w - 2/(-8).
2
Let y(c) = -c**2 + 10*c - 5. Suppose -3*q + 4*u + 217 + 103 = 0, -2*q = -2*u - 210. Let k be 2/(-6) + q/12. List the prime factors of y(k).
11
Let h = -3 - -7. Suppose 0 = 2*w - 4*w + 4*a + 8, h*w - 66 = -2*a. What are the prime factors of w?
2, 7
Let g(i) = -i + 2. Let b(l) = -3*l + 7. Let v(m) = -2*b(m) + 7*g(m). 